{"id":246,"date":"2025-05-03T15:12:20","date_gmt":"2025-05-03T15:12:20","guid":{"rendered":"https:\/\/gilabertdecentellas.com\/?page_id=246"},"modified":"2025-05-03T15:12:21","modified_gmt":"2025-05-03T15:12:21","slug":"convocatoria-de-junta-general-2023-2-2","status":"publish","type":"page","link":"https:\/\/gilabertdecentellas.com\/","title":{"rendered":"CONVOCATORIA DE JUNTA GENERAL 2025"},"content":{"rendered":"\n<!DOCTYPE HTML PUBLIC \"-\/\/W3C\/\/DTD HTML 4.0 Transitional\/\/EN\">\n<html>\n<head>\n    <meta http-equiv=\"content-type\" content=\"text\/html; charset=windows-1252\"\/>\n    <title><\/title>\n    <meta name=\"generator\" content=\"LibreOffice 7.1.6.2 (Windows)\"\/>\n    <meta name=\"created\" content=\"00:00:00\"\/>\n    <meta name=\"changed\" content=\"00:00:00\"\/>\n    <style type=\"text\/css\">\n        p { color: #000000; font-family: \"Arial\"; font-size: 11pt }\n    <\/style>\n<\/head>\n<body lang=\"es-ES\" dir=\"ltr\"><p align=\"center\"><font size=\"4\" style=\"font-size: 15pt\"><b>GILABERT\n    DE CENTELLAS, S.A.&nbsp;<\/b><\/font><\/p>\n<p align=\"center\"><font size=\"4\" style=\"font-size: 15pt\"><b>CONVOCATORIA\n    DE JUNTA GENERAL <\/b><\/font><\/p>\n\n\n<p class=\"c2 c13\">\n<font face=\"Arial, serif\"><font size=\"3\" style=\"font-size: 12pt\">Por\nacuerdo del Consejo de Administraci\u00f3n se convoca a los se\u00f1ores\naccionistas a la <\/font><\/font><font face=\"Arial, serif\"><font size=\"3\" style=\"font-size: 12pt\"><b>Junta\nGeneral Ordinaria <\/b><\/font><\/font><font face=\"Arial, serif\"><font size=\"3\" style=\"font-size: 12pt\">de\nla Sociedad,<\/font><\/font><font face=\"Arial, serif\"><font size=\"3\" style=\"font-size: 12pt\">\nque tendr\u00e1 lugar en el domicilio social de Plaza Rub\u00e9n Dar\u00edo,\nn\u00famero 4 de Valldemossa , el pr\u00f3ximo d\u00eda 5 de Junio de 2025, a las\n17:30 horas, en primera convocatoria y, en segunda, si procediere, el\nd\u00eda siguiente, en el mismo lugar y hora, de acuerdo con el\nsiguiente.<\/font><\/font><\/p>\n<p class=\"western\" align=\"justify\" style=\"line-height: 100%;  background: #ffffff\">\n<br\/>\n\n<\/p>\n<p class=\"c2 c13\">\n<font face=\"Arial, serif\"><font size=\"3\" style=\"font-size: 12pt\"><b>ORDEN\nDEL D\u00cdA<\/b><\/font><\/font><\/p>\n<p class=\"c2 c13\">\n<font face=\"Arial, serif\"><font size=\"3\" style=\"font-size: 12pt\"><b>Primero.-<\/b><\/font><\/font><font face=\"Arial, serif\"><font size=\"3\" style=\"font-size: 12pt\">\nExamen y aprobaci\u00f3n en su caso, de las Cuentas Anuales de la\nsociedad, as\u00ed como de la gesti\u00f3n del Consejo de Administraci\u00f3n y\naplicaci\u00f3n del resultado, todo ello correspondiente al ejercicio\n2024.<\/font><\/font><\/p>\n\n<p class=\"c2 c13\">\n<font face=\"Arial, serif\"><font size=\"3\" style=\"font-size: 12pt\"><b>Segundo.-\n<\/b><\/font><\/font><font face=\"Arial, serif\"><font size=\"3\" style=\"font-size: 12pt\">Renovaci\u00f3n,\nen su caso, de los miembros del Consejo de Administraci\u00f3n.<\/font><\/font><\/p>\n\n<p align=\"justify\" style=\"line-height: 100%; \"><font face=\"Arial, serif\"><font size=\"3\" style=\"font-size: 12pt\"><b>Tercero.-\n<\/b>Delegaci\u00f3n de facultades para formalizar en derecho los acuerdos\nque se adopten.<\/font><\/font><\/p>\n\n<p align=\"justify\" style=\"line-height: 100%; \"><font face=\"Arial, serif\"><font size=\"3\" style=\"font-size: 12pt\"><b>Cuarto.-<\/b>\nRedacci\u00f3n, lectura y aprobaci\u00f3n, en su caso, del acta de la\nreuni\u00f3n.<\/font><\/font><\/p>\n<p align=\"justify\" style=\"line-height: 100%; \"><br\/>\n\n<\/p>\n<p align=\"justify\" style=\"line-height: 100%; \"><font face=\"Arial, serif\"><font size=\"3\" style=\"font-size: 12pt\">Los\naccionistas podr\u00e1n solicitar informaci\u00f3n y obtener inmediata y\ngratuitamente los documentos sometidos a aprobaci\u00f3n de la Junta, as\u00ed\ncomo, en su caso, del informe de gesti\u00f3n en el domicilio social de\nla compa\u00f1\u00eda.<\/font><\/font><\/p>\n<p align=\"justify\" style=\"line-height: 100%; \"><br\/>\n\n<\/p>\n<p align=\"justify\" style=\"line-height: 100%; \"><font face=\"Arial, serif\"><font size=\"3\" style=\"font-size: 12pt\">Palma,\n 2 de mayo de 2025.  <\/font><\/font>\n<\/p>\n<p align=\"justify\" style=\"line-height: 100%; \"><font face=\"Arial, serif\"><font size=\"3\" style=\"font-size: 12pt\">El\nSecretario Consejo Administraci\u00f3n, <\/font><\/font>\n<\/p>\n\n<p align=\"justify\" style=\"line-height: 100%; \"><font face=\"Arial, serif\"><font size=\"3\" style=\"font-size: 12pt\">Jos\u00e9\nMar\u00eda Bauz\u00e1 de Mirab\u00f3 Gralla<\/font><\/font><\/p>\n<p class=\"western\" style=\"margin-bottom: 0.35cm\"><br\/>\n<br\/>\n\n<\/p>\n<p class=\"western\" align=\"justify\" style=\"line-height: 100%;  background: #ffffff\">\n<br\/>\n\n<\/p>\n<\/body>\n<\/html>\n\n\n\n<pre class=\"wp-block-preformatted\"><strong>Archivo descargable en formato pdf.<\/strong> <div class=\"sdm_download_button_box_default\"><div class=\"sdm_download_link\"><a href=\"https:\/\/gilabertdecentellas.com\/?sdm_process_download=1&download_id=262\" class=\"sdm_download green\" title=\"Convocatoria 2025\" >\u00a1Descarga ahora!<\/a><\/div><\/div><\/pre>\n","protected":false},"excerpt":{"rendered":"<p>GILABERT DE CENTELLAS, S.A.&nbsp; CONVOCATORIA DE JUNTA GENERAL Por acuerdo del Consejo de Administraci\u00f3n se convoca a los se\u00f1ores accionistas a la Junta General Ordinaria de la Sociedad, que tendr\u00e1 lugar en el domicilio social de Plaza Rub\u00e9n Dar\u00edo, n\u00famero 4 de Valldemossa , el pr\u00f3ximo d\u00eda 5 de Junio de 2025, a las 17:30&hellip;&nbsp;<a href=\"https:\/\/gilabertdecentellas.com\/\" class=\"\" rel=\"bookmark\">Leer m\u00e1s &raquo;<span class=\"screen-reader-text\">CONVOCATORIA DE JUNTA GENERAL 2025<\/span><\/a><\/p>\n","protected":false},"author":1,"featured_media":0,"parent":0,"menu_order":0,"comment_status":"closed","ping_status":"closed","template":"","meta":{"neve_meta_sidebar":"","neve_meta_container":"","neve_meta_enable_content_width":"","neve_meta_content_width":0,"neve_meta_title_alignment":"","neve_meta_author_avatar":"","neve_post_elements_order":"","neve_meta_disable_header":"","neve_meta_disable_footer":"","neve_meta_disable_title":""},"_links":{"self":[{"href":"https:\/\/gilabertdecentellas.com\/index.php?rest_route=\/wp\/v2\/pages\/246"}],"collection":[{"href":"https:\/\/gilabertdecentellas.com\/index.php?rest_route=\/wp\/v2\/pages"}],"about":[{"href":"https:\/\/gilabertdecentellas.com\/index.php?rest_route=\/wp\/v2\/types\/page"}],"author":[{"embeddable":true,"href":"https:\/\/gilabertdecentellas.com\/index.php?rest_route=\/wp\/v2\/users\/1"}],"replies":[{"embeddable":true,"href":"https:\/\/gilabertdecentellas.com\/index.php?rest_route=%2Fwp%2Fv2%2Fcomments&post=246"}],"version-history":[{"count":12,"href":"https:\/\/gilabertdecentellas.com\/index.php?rest_route=\/wp\/v2\/pages\/246\/revisions"}],"predecessor-version":[{"id":263,"href":"https:\/\/gilabertdecentellas.com\/index.php?rest_route=\/wp\/v2\/pages\/246\/revisions\/263"}],"wp:attachment":[{"href":"https:\/\/gilabertdecentellas.com\/index.php?rest_route=%2Fwp%2Fv2%2Fmedia&parent=246"}],"curies":[{"name":"wp","href":"https:\/\/api.w.org\/{rel}","templated":true}]}}